{"id":963,"date":"2013-02-01T10:41:47","date_gmt":"2013-02-01T09:41:47","guid":{"rendered":"http:\/\/fintamuseum.no-ip.org\/fintamuzeumwp\/?page_id=963"},"modified":"2020-09-14T15:17:44","modified_gmt":"2020-09-14T13:17:44","slug":"alapitvany-celja","status":"publish","type":"page","link":"https:\/\/www.fintamuzeum.hu\/?page_id=963","title":{"rendered":"Alap\u00edtv\u00e1ny c\u00e9lja"},"content":{"rendered":"<p>a.) Az Alap\u00edtv\u00e1ny els\u0151dleges c\u00e9lj\u00e1nak tekinti a t\u00farkevei Finta M\u00fazeum (a tov\u00e1bbiakban: M\u00fazeum) szakmai munk\u00e1j\u00e1nak, m\u0171k\u00f6d\u00e9s\u00e9nek t\u00e1mogat\u00e1s\u00e1t, ezen bel\u00fcl k\u00fcl\u00f6n\u00f6sen a gy\u0171jtem\u00e9nyfejleszt\u00e9st, tudom\u00e1nyos kutat\u00e1sok &#8211; helyt\u00f6rt\u00e9neti, k\u00e9pz\u0151m\u0171v\u00e9szeti, n\u00e9prajzi &#8211; t\u00e1mogat\u00e1s\u00e1t, a kutat\u00e1si eredm\u00e9nyek \u00e9s a M\u00fazeum n\u00e9pszer\u0171s\u00e9g\u00e9t szolg\u00e1l\u00f3 kiadv\u00e1nyok megjelentet\u00e9s\u00e9t. K\u00f6zrem\u0171k\u00f6dik a m\u00fazeum ki\u00e1ll\u00edt\u00e1sai, rendezv\u00e9nyei szervez\u00e9s\u00e9ben, \u00e1polja a m\u00fazeum n\u00e9vad\u00f3ja \u00e9s a m\u00fazeumhoz k\u00f6t\u0151d\u0151 kiemelked\u0151 szem\u00e9lyis\u00e9gek eml\u00e9k\u00e9t,<\/p>\n<p>b.) helyi \u00e9s kist\u00e9rs\u00e9gi kiadv\u00e1nyok megjelentet\u00e9se, terjeszt\u00e9se,<\/p>\n<p>c.) lok\u00e1lis tudat, identit\u00e1s er\u0151s\u00edt\u00e9se tudom\u00e1nyos \u00e9s kultur\u00e1lis rendezv\u00e9ny szervez\u00e9sekkel, tudom\u00e1nyn\u00e9p\u00adszer\u0171s\u00edt\u0151 \u00e9s oktat\u00e1st seg\u00edt\u0151 tev\u00e9kenys\u00e9ggel,<\/p>\n<p>d.) v\u00e1ros \u00e9s a Nagykuns\u00e1g kultur\u00e1lis \u00f6r\u00f6ks\u00e9g\u00e9nek felt\u00e1r\u00e1sa \u00e9s meg\u0151rz\u00e9s\u00e9ben val\u00f3 seg\u00edts\u00e9gny\u00fajt\u00e1s, amelynek \u00e9rdek\u00e9ben hosszabb t\u00e1von m\u0171k\u00f6dtethet muze\u00e1lis int\u00e9zm\u00e9nyeket is, e tev\u00e9kenys\u00e9ge sor\u00e1n a t\u00f6rv\u00e9ny szerint \u00e1llaminak illetve \u00f6nkorm\u00e1nyzatinak min\u0151s\u00fcl\u0151 feladatokat is ell\u00e1t,<\/p>\n<p>e.) kapcsolatot tart a v\u00e1rosb\u00f3l \u00e9s a Nagykuns\u00e1gb\u00f3l elsz\u00e1rmazott kiemelked\u0151 szem\u00e9lyekkel, \u00e1polja az elhunytak eml\u00e9k\u00e9t,<\/p>\n<p>f.) felkutatja a c\u00e9ljai megval\u00f3s\u00edt\u00e1s\u00e1t seg\u00edt\u0151 eszk\u00f6z\u00f6ket, t\u00e1mogat\u00e1sokat vesz ig\u00e9nybe \u00e9s ny\u00fajt.<\/p>\n","protected":false},"excerpt":{"rendered":"<p>a.) Az Alap\u00edtv\u00e1ny els\u0151dleges c\u00e9lj\u00e1nak tekinti a t\u00farkevei Finta M\u00fazeum (a tov\u00e1bbiakban: M\u00fazeum) szakmai munk\u00e1j\u00e1nak, m\u0171k\u00f6d\u00e9s\u00e9nek t\u00e1mogat\u00e1s\u00e1t, ezen bel\u00fcl k\u00fcl\u00f6n\u00f6sen a gy\u0171jtem\u00e9nyfejleszt\u00e9st, tudom\u00e1nyos kutat\u00e1sok &#8211; helyt\u00f6rt\u00e9neti, k\u00e9pz\u0151m\u0171v\u00e9szeti, n\u00e9prajzi &#8211; t\u00e1mogat\u00e1s\u00e1t, a kutat\u00e1si eredm\u00e9nyek \u00e9s a M\u00fazeum n\u00e9pszer\u0171s\u00e9g\u00e9t szolg\u00e1l\u00f3 kiadv\u00e1nyok megjelentet\u00e9s\u00e9t. &hellip; <a href=\"https:\/\/www.fintamuzeum.hu\/?page_id=963\">Egy kattint\u00e1s ide a folytat\u00e1shoz&#8230;. <span class=\"meta-nav\">&rarr;<\/span><\/a><\/p>\n","protected":false},"author":1,"featured_media":0,"parent":13,"menu_order":0,"comment_status":"closed","ping_status":"closed","template":"","meta":{"footnotes":""},"class_list":["post-963","page","type-page","status-publish","hentry"],"_links":{"self":[{"href":"https:\/\/www.fintamuzeum.hu\/index.php?rest_route=\/wp\/v2\/pages\/963","targetHints":{"allow":["GET"]}}],"collection":[{"href":"https:\/\/www.fintamuzeum.hu\/index.php?rest_route=\/wp\/v2\/pages"}],"about":[{"href":"https:\/\/www.fintamuzeum.hu\/index.php?rest_route=\/wp\/v2\/types\/page"}],"author":[{"embeddable":true,"href":"https:\/\/www.fintamuzeum.hu\/index.php?rest_route=\/wp\/v2\/users\/1"}],"replies":[{"embeddable":true,"href":"https:\/\/www.fintamuzeum.hu\/index.php?rest_route=%2Fwp%2Fv2%2Fcomments&post=963"}],"version-history":[{"count":11,"href":"https:\/\/www.fintamuzeum.hu\/index.php?rest_route=\/wp\/v2\/pages\/963\/revisions"}],"predecessor-version":[{"id":965,"href":"https:\/\/www.fintamuzeum.hu\/index.php?rest_route=\/wp\/v2\/pages\/963\/revisions\/965"}],"up":[{"embeddable":true,"href":"https:\/\/www.fintamuzeum.hu\/index.php?rest_route=\/wp\/v2\/pages\/13"}],"wp:attachment":[{"href":"https:\/\/www.fintamuzeum.hu\/index.php?rest_route=%2Fwp%2Fv2%2Fmedia&parent=963"}],"curies":[{"name":"wp","href":"https:\/\/api.w.org\/{rel}","templated":true}]}}

Alapítvány célja

<p>a.) Az Alapítvány elsődleges céljának tekinti a túrkevei Finta Múzeum (a továbbiakban: Múzeum) szakmai munkájának, működésének támogatását, ezen belül különösen a gyűjteményfejlesztést, tudományos kutatások &#8211; helytörténeti, képzőművészeti, néprajzi &#8211; támogatását, a kutatási eredmények és a Múzeum népszerűségét szolgáló kiadványok megjelentetését. Közreműködik a múzeum kiállításai, rendezvényei szervezésében, ápolja a múzeum névadója és a múzeumhoz kötődő kiemelkedő személyiségek emlékét,</p>
<p>b.) helyi és kistérségi kiadványok megjelentetése, terjesztése,</p>
<p>c.) lokális tudat, identitás erősítése tudományos és kulturális rendezvény szervezésekkel, tudománynép­szerűsítő és oktatást segítő tevékenységgel,</p>
<p>d.) város és a Nagykunság kulturális örökségének feltárása és megőrzésében való segítségnyújtás, amelynek érdekében hosszabb távon működtethet muzeális intézményeket is, e tevékenysége során a törvény szerint államinak illetve önkormányzatinak minősülő feladatokat is ellát,</p>
<p>e.) kapcsolatot tart a városból és a Nagykunságból elszármazott kiemelkedő személyekkel, ápolja az elhunytak emlékét,</p>
<p>f.) felkutatja a céljai megvalósítását segítő eszközöket, támogatásokat vesz igénybe és nyújt.</p>

<p>a.) Az Alapítvány elsődleges céljának tekinti a túrkevei Finta Múzeum (a továbbiakban: Múzeum) szakmai munkájának, működésének támogatását, ezen belül különösen a gyűjteményfejlesztést, tudományos kutatások &#8211; helytörténeti, képzőművészeti, néprajzi &#8211; támogatását, a kutatási eredmények és a Múzeum népszerűségét szolgáló kiadványok megjelentetését. &hellip; <a href="https://www.fintamuzeum.hu/?page_id=963">Egy kattintás ide a folytatáshoz&#8230;. <span class="meta-nav">&rarr;</span></a></p>
