{"id":954,"date":"2013-02-01T10:00:47","date_gmt":"2013-02-01T09:00:47","guid":{"rendered":"http:\/\/fintamuseum.no-ip.org\/fintamuzeumwp\/?page_id=954"},"modified":"2020-09-14T15:46:01","modified_gmt":"2020-09-14T13:46:01","slug":"954-2","status":"publish","type":"page","link":"https:\/\/www.fintamuzeum.hu\/?page_id=954","title":{"rendered":"K\u00fcldet\u00e9si nyilatkozat"},"content":{"rendered":"<p>K\u00fcldet\u00e9s\u00fcnknek tekintj\u00fck n\u00e9vad\u00f3ink eml\u00e9k\u00e9nek \u00e1pol\u00e1s\u00e1t, T\u00farkeve \u00e9s k\u00f6rnyezete m\u00faltj\u00e1nak meg\u0151rz\u00e9s\u00e9t, bemutat\u00e1s\u00e1t, jelen\u00e9nek dokument\u00e1l\u00e1s\u00e1t. Amit tudom\u00e1nyos, vagy sz\u00f3rakoztat\u00f3 form\u00e1ban rendszeresen a k\u00f6z\u00f6ns\u00e9g el\u00e9 t\u00e1runk, ki\u00e1ll\u00edt\u00e1sainkon \u00e9s programjainkon kereszt\u00fcl.<br \/>\nA j\u00f6v\u0151nek dolgozunk. Hissz\u00fck, hogy amit felgy\u0171jt\u00fcnk t\u00e1rgyat, dokumentumot, vagy \u00e9p fot\u00f3t, a feldolgoz\u00e1s ut\u00e1n t\u00fal\u00e9l valamennyi\u00fcnket. Ahogyan ez t\u00f6rt\u00e9nt el\u0151deink munk\u00e1j\u00e1val is, a m\u00fazeum alap\u00edt\u00e1s\u00e1t\u00f3l kezdve. Valljuk ezt mi valamennyien, akik az int\u00e9zm\u00e9nyben dolgozunk muzeol\u00f3gusk\u00e9nt, gy\u0171jtem\u00e9nykezel\u0151k\u00e9nt, irodai munkat\u00e1rsk\u00e9nt vagy terem\u0151rk\u00e9nt.<br \/>\nTudjuk, hogy a kultur\u00e1lis \u00f6r\u00f6ks\u00e9g meg\u0151rz\u00e9se \u00e9s bemutat\u00e1sa mindig fontos lesz a j\u00f6v\u0151ben is. Ez\u00e9rt mindig minden k\u00f6r\u00fclm\u00e9nyek k\u00f6z\u00f6tt, vil\u00e1gn\u00e9zett\u0151l \u00e9s politikai rendszert\u0151l f\u00fcggetlen\u00fcl: A j\u00f6v\u0151nek \u0151rizz\u00fck a m\u00faltat.<\/p>\n<p style=\"text-align: center;\">\n<code>\t\t\t\t\t\t<div class=\"gallery_box_single\">\n\t\t\t\t\t\t\t\t\t\t\t\t\t\t\t<div class=\"gallery gllr_grid\" data-gllr-columns=\"3\" data-gllr-border-width=\"10\">\n\t\t\t\t\t\t\t\t\t\t\t\t\t\t\t\t\t\t\t\t<div class=\"gllr_image_row\">\n\t\t\t\t\t\t\t\t\t\t\t\t\t\t\t\t\t\t\t\t\t<div class=\"gllr_image_block\">\n\t\t\t\t\t\t\t\t\t\t\t\t<p style=\"\n\t\t\t\t\t\t\t\t\t\t\t\twidth:170px;height:170px;\t\t\t\t\t\t\t\t\t\t\t\t\">\n\t\t\t\t\t\t\t\t\t\t\t\t\t\t\t\t\t\t\t\t\t\t\t\t\t\t\t\t<a data-fancybox=\"gallery_fancybox_1103\" href=\"https:\/\/www.fintamuzeum.hu\/wp-content\/uploads\/2013\/02\/a_finta_legenysege.jpg\" title=\"\" >\n\t\t\t\t\t\t\t\t\t\t\t\t\t\t\t\t<img decoding=\"async\" width=&quot;150&quot; height=&quot;150&quot; style=\"width:150px; height:150px; border-width: 10px; border-color:#F1F1F1;border: 10px solid #F1F1F1\" alt=\"\" title=\"\" src=\"https:\/\/www.fintamuzeum.hu\/wp-content\/uploads\/2013\/02\/a_finta_legenysege-150x150.jpg\" rel=\"https:\/\/www.fintamuzeum.hu\/wp-content\/uploads\/2013\/02\/a_finta_legenysege.jpg\" \/>\t\t\t\t\t\t\t\t\t\t\t\t\t\t\t<\/a>\n\t\t\t\t\t\t\t\t\t\t\t\t\t\t\t\t\t\t\t\t\t\t\t\t\t\t<\/p>\n\t\t\t\t\t\t\t\t\t\t\t\t\t\t\t\t\t\t\t\t\t\t\t\t\t<div \n\t\t\t\t\t\t\t\t\t\t\t\t\tstyle=\"width:170px;\"\t\t\t\t\t\t\t\t\t\t\t\t\tclass=\"gllr_single_image_text gllr_single_image_text_under\">&nbsp;<\/div>\n\t\t\t\t\t\t\t\t\t\t\t\t\t\t\t\t\t\t\t\t\t\t\t<\/div><!-- .gllr_image_block -->\n\t\t\t\t\t\t\t\t\t\t\t\t\t\t\t\t\t\t\t\t\t<div class=\"clear\"><\/div>\n\t\t\t\t\t\t\t\t\t\t<\/div><!-- .gllr_image_row -->\n\t\t\t\t\t\t\t\t\t\t\t\t\t\t\t\t\t<\/div><!-- .gallery.clearfix -->\n\t\t\t\t\t\t\t\t\t\t\t\t\t\t<\/div><!-- .gallery_box_single -->\n\t\t\t\t\t\t<div class=\"gllr_clear\"><\/div>\n\t\t\t\t\t\t<\/code><\/p>\n","protected":false},"excerpt":{"rendered":"<p>K\u00fcldet\u00e9s\u00fcnknek tekintj\u00fck n\u00e9vad\u00f3ink eml\u00e9k\u00e9nek \u00e1pol\u00e1s\u00e1t, T\u00farkeve \u00e9s k\u00f6rnyezete m\u00faltj\u00e1nak meg\u0151rz\u00e9s\u00e9t, bemutat\u00e1s\u00e1t, jelen\u00e9nek dokument\u00e1l\u00e1s\u00e1t. Amit tudom\u00e1nyos, vagy sz\u00f3rakoztat\u00f3 form\u00e1ban rendszeresen a k\u00f6z\u00f6ns\u00e9g el\u00e9 t\u00e1runk, ki\u00e1ll\u00edt\u00e1sainkon \u00e9s programjainkon kereszt\u00fcl. A j\u00f6v\u0151nek dolgozunk. Hissz\u00fck, hogy amit felgy\u0171jt\u00fcnk t\u00e1rgyat, dokumentumot, vagy \u00e9p fot\u00f3t, a &hellip; <a href=\"https:\/\/www.fintamuzeum.hu\/?gallery=munkatarsak\">Egy kattint\u00e1s ide a folytat\u00e1shoz&#8230;. <span class=\"meta-nav\">&rarr;<\/span><\/a><\/p>\n","protected":false},"author":1,"featured_media":0,"parent":4324,"menu_order":0,"comment_status":"closed","ping_status":"closed","template":"","meta":{"footnotes":""},"class_list":["post-954","page","type-page","status-publish","hentry"],"_links":{"self":[{"href":"https:\/\/www.fintamuzeum.hu\/index.php?rest_route=\/wp\/v2\/pages\/954","targetHints":{"allow":["GET"]}}],"collection":[{"href":"https:\/\/www.fintamuzeum.hu\/index.php?rest_route=\/wp\/v2\/pages"}],"about":[{"href":"https:\/\/www.fintamuzeum.hu\/index.php?rest_route=\/wp\/v2\/types\/page"}],"author":[{"embeddable":true,"href":"https:\/\/www.fintamuzeum.hu\/index.php?rest_route=\/wp\/v2\/users\/1"}],"replies":[{"embeddable":true,"href":"https:\/\/www.fintamuzeum.hu\/index.php?rest_route=%2Fwp%2Fv2%2Fcomments&post=954"}],"version-history":[{"count":9,"href":"https:\/\/www.fintamuzeum.hu\/index.php?rest_route=\/wp\/v2\/pages\/954\/revisions"}],"predecessor-version":[{"id":4326,"href":"https:\/\/www.fintamuzeum.hu\/index.php?rest_route=\/wp\/v2\/pages\/954\/revisions\/4326"}],"up":[{"embeddable":true,"href":"https:\/\/www.fintamuzeum.hu\/index.php?rest_route=\/wp\/v2\/pages\/4324"}],"wp:attachment":[{"href":"https:\/\/www.fintamuzeum.hu\/index.php?rest_route=%2Fwp%2Fv2%2Fmedia&parent=954"}],"curies":[{"name":"wp","href":"https:\/\/api.w.org\/{rel}","templated":true}]}}

Küldetési nyilatkozat

<p>Küldetésünknek tekintjük névadóink emlékének ápolását, Túrkeve és környezete múltjának megőrzését, bemutatását, jelenének dokumentálását. Amit tudományos, vagy szórakoztató formában rendszeresen a közönség elé tárunk, kiállításainkon és programjainkon keresztül.<br />
A jövőnek dolgozunk. Hisszük, hogy amit felgyűjtünk tárgyat, dokumentumot, vagy ép fotót, a feldolgozás után túlél valamennyiünket. Ahogyan ez történt elődeink munkájával is, a múzeum alapításától kezdve. Valljuk ezt mi valamennyien, akik az intézményben dolgozunk muzeológusként, gyűjteménykezelőként, irodai munkatársként vagy teremőrként.<br />
Tudjuk, hogy a kulturális örökség megőrzése és bemutatása mindig fontos lesz a jövőben is. Ezért mindig minden körülmények között, világnézettől és politikai rendszertől függetlenül: A jövőnek őrizzük a múltat.</p>
<p style="text-align: center;">
<code>						<div class="gallery_box_single">
															<div class="gallery gllr_grid" data-gllr-columns="3" data-gllr-border-width="10">
																				<div class="gllr_image_row">
																					<div class="gllr_image_block">
												<p style="
												width:170px;height:170px;												">
																												<a data-fancybox="gallery_fancybox_1103" href="https://www.fintamuzeum.hu/wp-content/uploads/2013/02/a_finta_legenysege.jpg" title="" >
																<img decoding="async" width=&quot;150&quot; height=&quot;150&quot; style="width:150px; height:150px; border-width: 10px; border-color:#F1F1F1;border: 10px solid #F1F1F1" alt="" title="" src="https://www.fintamuzeum.hu/wp-content/uploads/2013/02/a_finta_legenysege-150x150.jpg" rel="https://www.fintamuzeum.hu/wp-content/uploads/2013/02/a_finta_legenysege.jpg" />															</a>
																										</p>
																									<div 
													style="width:170px;"													class="gllr_single_image_text gllr_single_image_text_under">&nbsp;</div>
																							</div><!-- .gllr_image_block -->
																					<div class="clear"></div>
										</div><!-- .gllr_image_row -->
																	</div><!-- .gallery.clearfix -->
														</div><!-- .gallery_box_single -->
						<div class="gllr_clear"></div>
						</code></p>

<p>Küldetésünknek tekintjük névadóink emlékének ápolását, Túrkeve és környezete múltjának megőrzését, bemutatását, jelenének dokumentálását. Amit tudományos, vagy szórakoztató formában rendszeresen a közönség elé tárunk, kiállításainkon és programjainkon keresztül. A jövőnek dolgozunk. Hisszük, hogy amit felgyűjtünk tárgyat, dokumentumot, vagy ép fotót, a &hellip; <a href="https://www.fintamuzeum.hu/?gallery=munkatarsak">Egy kattintás ide a folytatáshoz&#8230;. <span class="meta-nav">&rarr;</span></a></p>
