{"id":4377,"date":"2020-10-05T13:59:29","date_gmt":"2020-10-05T11:59:29","guid":{"rendered":"http:\/\/www.fintamuzeum.hu\/?page_id=4377"},"modified":"2020-10-05T14:21:02","modified_gmt":"2020-10-05T12:21:02","slug":"bacskai-bertalan-jelek","status":"publish","type":"page","link":"https:\/\/www.fintamuzeum.hu\/?page_id=4377","title":{"rendered":"B\u00e1cskai Bertalan Jelek"},"content":{"rendered":"\n<div class=\"wp-block-image\"><figure class=\"alignleft is-resized\"><img loading=\"lazy\" decoding=\"async\" src=\"https:\/\/www.fintamuzeum.hu\/wp-content\/uploads\/2020\/10\/portre-808x1024.jpg\" alt=\"\" class=\"wp-image-4379\" width=\"183\" height=\"232\" srcset=\"https:\/\/www.fintamuzeum.hu\/wp-content\/uploads\/2020\/10\/portre-808x1024.jpg 808w, https:\/\/www.fintamuzeum.hu\/wp-content\/uploads\/2020\/10\/portre-237x300.jpg 237w, https:\/\/www.fintamuzeum.hu\/wp-content\/uploads\/2020\/10\/portre-768x973.jpg 768w, https:\/\/www.fintamuzeum.hu\/wp-content\/uploads\/2020\/10\/portre.jpg 1155w\" sizes=\"auto, (max-width: 183px) 100vw, 183px\" \/><\/figure><\/div>\n\n\n\n<p>1948. augusztus 6-\u00e1n sz\u00fcletett B\u00e9k\u00e9scsab\u00e1n. Rajz-f\u00f6ldrajz szakos tan\u00e1ri diplom\u00e1t szerez a Szegedi Juh\u00e1sz Gyula Tan\u00e1rk\u00e9pz\u0151 F\u0151iskol\u00e1n Pataki Ferenc \u00e9s D\u00e9ri Istv\u00e1n tan\u00edtv\u00e1nyak\u00e9nt 1976-ban. Az \u00e9v szeptember\u00e9t\u0151l rajz szakos \u00e1ltal\u00e1nos iskolai tan\u00e1r lesz T\u00farkev\u00e9n. 1992-t\u0151l a Polg\u00e1rmesteri Hivatal oszt\u00e1lyvezet\u0151je. 1997-t\u0151l a Kaszap Nagy Istv\u00e1n Reform\u00e1tus \u00c1ltal\u00e1nos Iskola igazgat\u00f3ja.<br>T\u00farkev\u00e9re k\u00f6lt\u00f6z\u00e9se ut\u00e1n azonnal bekapcsol\u00f3dik a Kevi K\u00f6r munk\u00e1j\u00e1ba, rendszeresen ki\u00e1ll\u00edt a K\u00f6rrel, r\u00e9szt vesz az alkot\u00f3t\u00e1borokban, s\u0151t maga is szervez alkot\u00f3t\u00e1bort, ahol a vend\u00e9gm\u0171v\u00e9szek ma m\u00e1r a k\u00f6z\u00e9pgener\u00e1ci\u00f3 jelesei: Bukta Imre, F. Z\u00e1mb\u00f3 Istv\u00e1n, Buh\u00e1ly J\u00f3zsef, Budai Tibor, Szil\u00e1gyi Istv\u00e1n.<br>1979-ben felv\u00e9telt nyer a M\u0171v\u00e9szeti Alap Fiatal M\u0171v\u00e9szek St\u00fadi\u00f3j\u00e1ba. 1986. okt\u00f3ber 1-t\u0151l tagja a M\u0171v\u00e9szeti Alapnak. Sz\u00e1mos egy\u00e9ni \u00e9s csoportos ki\u00e1ll\u00edt\u00e1son vesz r\u00e9szt szerte az orsz\u00e1gban. Rangos orsz\u00e1gos t\u00e1rlatokon kap n\u00edv\u00f3d\u00edjat. Kezdetben grafik\u00e1kat, f\u0151leg lin\u00f3metszeteket k\u00e9sz\u00edt. Lapjain megjelennek a sz\u00e9thull\u00f3 paraszti vil\u00e1g t\u00e1rgyai.<br>Festm\u00e9nyein viszont nem a t\u00e1rgyakra, hanem a sz\u00ednekre \u00e9p\u00edt, amib\u0151l finoman kiegyens\u00falyozott \u00f6n\u00e1ll\u00f3 k\u00e9pi vil\u00e1got teremt. Nem \u00e9rdekli a f\u0171, a fa, a vir\u00e1g, vagy a h\u00e1z a maga konkr\u00e9ts\u00e1g\u00e1ban, de sokszor a rendk\u00edv\u00fcl elvontnak l\u00e1tsz\u00f3 kompoz\u00edci\u00f3kban mindig felismeri a figyelmes szeml\u00e9l\u0151, hogy a k\u00e9p val\u00f3s\u00e1gos t\u00e1j\u00e9lm\u00e9nyen alapul, amire a k\u00e9p c\u00edme is utal. K\u00fcl\u00f6n kis fejezetet k\u00e9pviselnek azok a k\u00e9pek, amelyeket azut\u00e1n fest, hogy s\u00e1rk\u00e1nyrep\u00fcl\u0151vel a t\u00e1j f\u00f6l\u00e9 emelkedik. A kompoz\u00edci\u00f3 feszesebb\u00e9 v\u00e1lik, nagyobb hangs\u00falyt kap a k\u00e9p bels\u0151 ritmusa. Az ellent\u00e9tes sz\u00ednfoltok egym\u00e1snak fesz\u00fclnek az eg\u00e9sz k\u00e9pet mozg\u00e1s hatja \u00e1t. Ezzel nemcsak a l\u00e1tv\u00e1ny, hanem a rep\u00fcl\u00e9s izgalma is \u00e9rz\u0151dik.<br>Az ut\u00f3bbi \u00e9vekben saj\u00e1tos v\u00e1ltoz\u00e1s figyelhet\u0151 meg munk\u00e1in. A grafik\u00e1k t\u00e1rgyi vil\u00e1ga \u00e1tsziv\u00e1rog a festm\u00e9nyekre is. Ezzel egy\u00fctt megjelennek k\u00e9pein a bels\u0151 terek, a k\u00e9pek fel\u00fcletet plasztikuss\u00e1 v\u00e1lik, kidomborodik \u00e9s bem\u00e9lyed, a sz\u00ednek visszafogott\u00e1 v\u00e1lnak, a k\u00e9peken eluralkodik a s\u00f6t\u00e9tebb t\u00f3nus, a kompoz\u00edci\u00f3 kiegyens\u00falyozottabb. Az eddigi hars\u00e1ny dinamizmust felv\u00e1ltja a nyugodt szeml\u00e9l\u0151d\u00e9s a k\u00e9peket n\u00e9mi szomor\u00fas\u00e1g sokszor f\u00e1jdalom lengi be. \/Kov\u00e1cs Istv\u00e1n, Sz\u00fcl\u0151f\u00f6ldem T\u00farkeve 2009.\/<\/p>\n\n\n\n<figure class=\"wp-block-image size-large\"><img loading=\"lazy\" decoding=\"async\" width=\"1024\" height=\"542\" src=\"https:\/\/www.fintamuzeum.hu\/wp-content\/uploads\/2020\/10\/megallito2019-oldal005-1024x542.jpg\" alt=\"\" class=\"wp-image-4378\" srcset=\"https:\/\/www.fintamuzeum.hu\/wp-content\/uploads\/2020\/10\/megallito2019-oldal005-1024x542.jpg 1024w, https:\/\/www.fintamuzeum.hu\/wp-content\/uploads\/2020\/10\/megallito2019-oldal005-300x159.jpg 300w, https:\/\/www.fintamuzeum.hu\/wp-content\/uploads\/2020\/10\/megallito2019-oldal005-768x407.jpg 768w, https:\/\/www.fintamuzeum.hu\/wp-content\/uploads\/2020\/10\/megallito2019-oldal005.jpg 1063w\" sizes=\"auto, (max-width: 1024px) 100vw, 1024px\" \/><\/figure>\n","protected":false},"excerpt":{"rendered":"<p>1948. augusztus 6-\u00e1n sz\u00fcletett B\u00e9k\u00e9scsab\u00e1n. Rajz-f\u00f6ldrajz szakos tan\u00e1ri diplom\u00e1t szerez a Szegedi Juh\u00e1sz Gyula Tan\u00e1rk\u00e9pz\u0151 F\u0151iskol\u00e1n Pataki Ferenc \u00e9s D\u00e9ri Istv\u00e1n tan\u00edtv\u00e1nyak\u00e9nt 1976-ban. Az \u00e9v szeptember\u00e9t\u0151l rajz szakos \u00e1ltal\u00e1nos iskolai tan\u00e1r lesz T\u00farkev\u00e9n. 1992-t\u0151l a Polg\u00e1rmesteri Hivatal oszt\u00e1lyvezet\u0151je. 1997-t\u0151l a &hellip; <a href=\"https:\/\/www.fintamuzeum.hu\/?page_id=4377\">Egy kattint\u00e1s ide a folytat\u00e1shoz&#8230;. <span class=\"meta-nav\">&rarr;<\/span><\/a><\/p>\n","protected":false},"author":2,"featured_media":0,"parent":4301,"menu_order":0,"comment_status":"closed","ping_status":"closed","template":"","meta":{"footnotes":""},"class_list":["post-4377","page","type-page","status-publish","hentry"],"_links":{"self":[{"href":"https:\/\/www.fintamuzeum.hu\/index.php?rest_route=\/wp\/v2\/pages\/4377","targetHints":{"allow":["GET"]}}],"collection":[{"href":"https:\/\/www.fintamuzeum.hu\/index.php?rest_route=\/wp\/v2\/pages"}],"about":[{"href":"https:\/\/www.fintamuzeum.hu\/index.php?rest_route=\/wp\/v2\/types\/page"}],"author":[{"embeddable":true,"href":"https:\/\/www.fintamuzeum.hu\/index.php?rest_route=\/wp\/v2\/users\/2"}],"replies":[{"embeddable":true,"href":"https:\/\/www.fintamuzeum.hu\/index.php?rest_route=%2Fwp%2Fv2%2Fcomments&post=4377"}],"version-history":[{"count":4,"href":"https:\/\/www.fintamuzeum.hu\/index.php?rest_route=\/wp\/v2\/pages\/4377\/revisions"}],"predecessor-version":[{"id":4394,"href":"https:\/\/www.fintamuzeum.hu\/index.php?rest_route=\/wp\/v2\/pages\/4377\/revisions\/4394"}],"up":[{"embeddable":true,"href":"https:\/\/www.fintamuzeum.hu\/index.php?rest_route=\/wp\/v2\/pages\/4301"}],"wp:attachment":[{"href":"https:\/\/www.fintamuzeum.hu\/index.php?rest_route=%2Fwp%2Fv2%2Fmedia&parent=4377"}],"curies":[{"name":"wp","href":"https:\/\/api.w.org\/{rel}","templated":true}]}}

Bácskai Bertalan Jelek

<div class="wp-block-image"><figure class="alignleft is-resized"><img loading="lazy" decoding="async" src="https://www.fintamuzeum.hu/wp-content/uploads/2020/10/portre-808x1024.jpg" alt="" class="wp-image-4379" width="183" height="232" srcset="https://www.fintamuzeum.hu/wp-content/uploads/2020/10/portre-808x1024.jpg 808w, https://www.fintamuzeum.hu/wp-content/uploads/2020/10/portre-237x300.jpg 237w, https://www.fintamuzeum.hu/wp-content/uploads/2020/10/portre-768x973.jpg 768w, https://www.fintamuzeum.hu/wp-content/uploads/2020/10/portre.jpg 1155w" sizes="auto, (max-width: 183px) 100vw, 183px" /></figure></div>



<p>1948. augusztus 6-án született Békéscsabán. Rajz-földrajz szakos tanári diplomát szerez a Szegedi Juhász Gyula Tanárképző Főiskolán Pataki Ferenc és Déri István tanítványaként 1976-ban. Az év szeptemberétől rajz szakos általános iskolai tanár lesz Túrkevén. 1992-től a Polgármesteri Hivatal osztályvezetője. 1997-től a Kaszap Nagy István Református Általános Iskola igazgatója.<br>Túrkevére költözése után azonnal bekapcsolódik a Kevi Kör munkájába, rendszeresen kiállít a Körrel, részt vesz az alkotótáborokban, sőt maga is szervez alkotótábort, ahol a vendégművészek ma már a középgeneráció jelesei: Bukta Imre, F. Zámbó István, Buhály József, Budai Tibor, Szilágyi István.<br>1979-ben felvételt nyer a Művészeti Alap Fiatal Művészek Stúdiójába. 1986. október 1-től tagja a Művészeti Alapnak. Számos egyéni és csoportos kiállításon vesz részt szerte az országban. Rangos országos tárlatokon kap nívódíjat. Kezdetben grafikákat, főleg linómetszeteket készít. Lapjain megjelennek a széthulló paraszti világ tárgyai.<br>Festményein viszont nem a tárgyakra, hanem a színekre épít, amiből finoman kiegyensúlyozott önálló képi világot teremt. Nem érdekli a fű, a fa, a virág, vagy a ház a maga konkrétságában, de sokszor a rendkívül elvontnak látszó kompozíciókban mindig felismeri a figyelmes szemlélő, hogy a kép valóságos tájélményen alapul, amire a kép címe is utal. Külön kis fejezetet képviselnek azok a képek, amelyeket azután fest, hogy sárkányrepülővel a táj fölé emelkedik. A kompozíció feszesebbé válik, nagyobb hangsúlyt kap a kép belső ritmusa. Az ellentétes színfoltok egymásnak feszülnek az egész képet mozgás hatja át. Ezzel nemcsak a látvány, hanem a repülés izgalma is érződik.<br>Az utóbbi években sajátos változás figyelhető meg munkáin. A grafikák tárgyi világa átszivárog a festményekre is. Ezzel együtt megjelennek képein a belső terek, a képek felületet plasztikussá válik, kidomborodik és bemélyed, a színek visszafogottá válnak, a képeken eluralkodik a sötétebb tónus, a kompozíció kiegyensúlyozottabb. Az eddigi harsány dinamizmust felváltja a nyugodt szemlélődés a képeket némi szomorúság sokszor fájdalom lengi be. /Kovács István, Szülőföldem Túrkeve 2009./</p>



<figure class="wp-block-image size-large"><img loading="lazy" decoding="async" width="1024" height="542" src="https://www.fintamuzeum.hu/wp-content/uploads/2020/10/megallito2019-oldal005-1024x542.jpg" alt="" class="wp-image-4378" srcset="https://www.fintamuzeum.hu/wp-content/uploads/2020/10/megallito2019-oldal005-1024x542.jpg 1024w, https://www.fintamuzeum.hu/wp-content/uploads/2020/10/megallito2019-oldal005-300x159.jpg 300w, https://www.fintamuzeum.hu/wp-content/uploads/2020/10/megallito2019-oldal005-768x407.jpg 768w, https://www.fintamuzeum.hu/wp-content/uploads/2020/10/megallito2019-oldal005.jpg 1063w" sizes="auto, (max-width: 1024px) 100vw, 1024px" /></figure>

<p>1948. augusztus 6-án született Békéscsabán. Rajz-földrajz szakos tanári diplomát szerez a Szegedi Juhász Gyula Tanárképző Főiskolán Pataki Ferenc és Déri István tanítványaként 1976-ban. Az év szeptemberétől rajz szakos általános iskolai tanár lesz Túrkevén. 1992-től a Polgármesteri Hivatal osztályvezetője. 1997-től a &hellip; <a href="https://www.fintamuzeum.hu/?page_id=4377">Egy kattintás ide a folytatáshoz&#8230;. <span class="meta-nav">&rarr;</span></a></p>
