{"id":2917,"date":"2016-09-06T13:52:29","date_gmt":"2016-09-06T11:52:29","guid":{"rendered":"http:\/\/www.fintamuzeum.hu\/?page_id=2917"},"modified":"2016-09-06T13:57:59","modified_gmt":"2016-09-06T11:57:59","slug":"folytatodik-a-mozaik-muzeumtura","status":"publish","type":"page","link":"https:\/\/www.fintamuzeum.hu\/?page_id=2917","title":{"rendered":"Folytat\u00f3dik a Mozaik M\u00fazeumt\u00fara"},"content":{"rendered":"<p><a href=\"https:\/\/www.fintamuzeum.hu\/wp-content\/uploads\/2016\/09\/MakrancziZsolt-DoncsevAndr\u00e1s-KemecsiLajos.jpg\"><img loading=\"lazy\" decoding=\"async\" class=\"alignnone wp-image-2923\" src=\"https:\/\/www.fintamuzeum.hu\/wp-content\/uploads\/2016\/09\/MakrancziZsolt-DoncsevAndr\u00e1s-KemecsiLajos-300x240.jpg\" alt=\"MakrancziZsolt-DoncsevAndr\u00e1s-KemecsiLajos\" width=\"251\" height=\"200\" srcset=\"https:\/\/www.fintamuzeum.hu\/wp-content\/uploads\/2016\/09\/MakrancziZsolt-DoncsevAndr\u00e1s-KemecsiLajos-300x240.jpg 300w, https:\/\/www.fintamuzeum.hu\/wp-content\/uploads\/2016\/09\/MakrancziZsolt-DoncsevAndr\u00e1s-KemecsiLajos-1024x820.jpg 1024w, https:\/\/www.fintamuzeum.hu\/wp-content\/uploads\/2016\/09\/MakrancziZsolt-DoncsevAndr\u00e1s-KemecsiLajos.jpg 1200w\" sizes=\"auto, (max-width: 251px) 100vw, 251px\" \/><\/a> <a href=\"https:\/\/www.fintamuzeum.hu\/wp-content\/uploads\/2016\/09\/DoncsevAndr\u00e1s-k\u00f6z\u00f6ns\u00e9g.jpg\"><img loading=\"lazy\" decoding=\"async\" class=\"alignnone size-medium wp-image-2921\" src=\"https:\/\/www.fintamuzeum.hu\/wp-content\/uploads\/2016\/09\/DoncsevAndr\u00e1s-k\u00f6z\u00f6ns\u00e9g-300x200.jpg\" alt=\"DoncsevAndr\u00e1s-k\u00f6z\u00f6ns\u00e9g\" width=\"300\" height=\"200\" srcset=\"https:\/\/www.fintamuzeum.hu\/wp-content\/uploads\/2016\/09\/DoncsevAndr\u00e1s-k\u00f6z\u00f6ns\u00e9g-300x200.jpg 300w, https:\/\/www.fintamuzeum.hu\/wp-content\/uploads\/2016\/09\/DoncsevAndr\u00e1s-k\u00f6z\u00f6ns\u00e9g-1024x683.jpg 1024w, https:\/\/www.fintamuzeum.hu\/wp-content\/uploads\/2016\/09\/DoncsevAndr\u00e1s-k\u00f6z\u00f6ns\u00e9g-120x80.jpg 120w, https:\/\/www.fintamuzeum.hu\/wp-content\/uploads\/2016\/09\/DoncsevAndr\u00e1s-k\u00f6z\u00f6ns\u00e9g.jpg 1200w\" sizes=\"auto, (max-width: 300px) 100vw, 300px\" \/><\/a><\/p>\n<p>\u0150sszel folytat\u00f3dik a Mozaik M\u00fazeumt\u00fara program, amelyhez id\u00e9n 100 \u00faj int\u00e9zm\u00e9ny csatlakozott, \u00e9s \u00edgy m\u00e1r k\u00f6zel 400 m\u00fazeum \u00e9s ki\u00e1ll\u00edt\u00f3hely vesz r\u00e9szt benne \u2013 jelentett\u00e9k be szeptember 5-\u00e9n a projekt megval\u00f3s\u00edt\u00e1s\u00e1t v\u00e1llal\u00f3 N\u00e9prajzi M\u00fazeumban.<\/p>\n<p><a href=\"https:\/\/www.fintamuzeum.hu\/wp-content\/uploads\/2016\/09\/DrKemecsiLajos.jpg\"><img loading=\"lazy\" decoding=\"async\" class=\"size-medium wp-image-2922 alignleft\" src=\"https:\/\/www.fintamuzeum.hu\/wp-content\/uploads\/2016\/09\/DrKemecsiLajos-300x200.jpg\" alt=\"DrKemecsiLajos\" width=\"300\" height=\"200\" srcset=\"https:\/\/www.fintamuzeum.hu\/wp-content\/uploads\/2016\/09\/DrKemecsiLajos-300x200.jpg 300w, https:\/\/www.fintamuzeum.hu\/wp-content\/uploads\/2016\/09\/DrKemecsiLajos-1024x683.jpg 1024w, https:\/\/www.fintamuzeum.hu\/wp-content\/uploads\/2016\/09\/DrKemecsiLajos-120x80.jpg 120w, https:\/\/www.fintamuzeum.hu\/wp-content\/uploads\/2016\/09\/DrKemecsiLajos.jpg 1200w\" sizes=\"auto, (max-width: 300px) 100vw, 300px\" \/><\/a>Dr. Kemecsi Lajos, a N\u00e9prajzi M\u00fazeum f\u0151igazgat\u00f3ja elmondta: a Mozaik M\u00fazeumt\u00fara alapvet\u0151 c\u00e9lja a k\u00f6zgy\u0171jtem\u00e9nyek n\u00e9pszer\u0171s\u00edt\u00e9se \u00e9s a m\u00fazeumok soksz\u00edn\u0171 kultur\u00e1lis k\u00edn\u00e1lat\u00e1nak megismertet\u00e9se, amelynek nemzeti identit\u00e1sunk er\u0151s\u00edt\u00e9s\u00e9ben is l\u00e9nyeges szerepe van. A rendezv\u00e9ny h\u00e1zigazd\u00e1ja arr\u00f3l is besz\u00e9lt, hogy a program hitvall\u00e1sa szorosan \u00f6sszefog az UNESCO nemr\u00e9giben nyilv\u00e1noss\u00e1gra hozott, a vil\u00e1g m\u00fazeumainak funkci\u00f3it meghat\u00e1roz\u00f3 \u00e1ll\u00e1sfoglal\u00e1s\u00e1val, amelynek n\u00e9gy alapeleme: a meg\u0151rz\u00e9s, a kutat\u00e1s, a kommunik\u00e1ci\u00f3 \u00e9s az oktat\u00e1s.<br \/>\n<a href=\"https:\/\/www.fintamuzeum.hu\/wp-content\/uploads\/2016\/09\/DoncsevAndr\u00e1s.jpg\"><img loading=\"lazy\" decoding=\"async\" class=\"size-medium wp-image-2920 alignright\" src=\"https:\/\/www.fintamuzeum.hu\/wp-content\/uploads\/2016\/09\/DoncsevAndr\u00e1s-300x200.jpg\" alt=\"DoncsevAndr\u00e1s\" width=\"300\" height=\"200\" srcset=\"https:\/\/www.fintamuzeum.hu\/wp-content\/uploads\/2016\/09\/DoncsevAndr\u00e1s-300x200.jpg 300w, https:\/\/www.fintamuzeum.hu\/wp-content\/uploads\/2016\/09\/DoncsevAndr\u00e1s-1024x683.jpg 1024w, https:\/\/www.fintamuzeum.hu\/wp-content\/uploads\/2016\/09\/DoncsevAndr\u00e1s-120x80.jpg 120w, https:\/\/www.fintamuzeum.hu\/wp-content\/uploads\/2016\/09\/DoncsevAndr\u00e1s.jpg 1200w\" sizes=\"auto, (max-width: 300px) 100vw, 300px\" \/><\/a>A program els\u0151dleges c\u00e9lcsoportja a 8\u201316 \u00e9v k\u00f6z\u00f6tti fiatal koroszt\u00e1ly, de b\u00edznak benne, hogy a feln\u0151tt lakoss\u00e1got is siker\u00fcl megsz\u00f3l\u00edtaniuk \u2013 t\u00e1j\u00e9koztatta a m\u00fazeumok, illetve a sajt\u00f3 k\u00e9pvisel\u0151it Doncsev Andr\u00e1s, a Nemzeti Kultur\u00e1lis Alap aleln\u00f6ke. Mint kifejtette: fontos, hogy a gyermekek ne k\u00f6telez\u0151 programk\u00e9nt, hanem \u00e9lm\u00e9nyk\u00e9nt tekintsenek a m\u00fazeuml\u00e1togat\u00e1sra.<br \/>\nA 2014-ben lezajlott program leghangs\u00falyosabb eleme, a matricagy\u0171jt\u0151 j\u00e1t\u00e9k jelent\u0151sen \u00e1talakulva, ez\u00fattal hat\u00e1rid\u0151 n\u00e9lk\u00fcl, egyszer\u0171bb szab\u00e1lyokkal \u00e9s online fel\u00fcleten folytat\u00f3dik. A j\u00e1t\u00e9kosok a meg\u00e1ll\u00edt\u00f3 t\u00e1bl\u00e1n tal\u00e1lhat\u00f3 QR-k\u00f3d seg\u00edts\u00e9g\u00e9vel t\u00f6lthetik le okostelefonjukra a j\u00e1t\u00e9khoz sz\u00fcks\u00e9ges alkalmaz\u00e1st.<br \/>\nA Mozaik M\u00fazeumt\u00fara hat \u00e1llom\u00e1sos orsz\u00e1gj\u00e1r\u00e1sra indul \u0151sszel. A roadshow keret\u00e9ben m\u00fazeumpedag\u00f3giai foglalkoz\u00e1sokkal, koncertekkel, exkluz\u00edv t\u00e1rlatvezet\u00e9ssel \u00e9s k\u00fcl\u00f6nleges, vagy m\u00e1skor nem l\u00e1togathat\u00f3 helysz\u00ednek bemutat\u00e1s\u00e1val igyekeznek vonz\u00f3v\u00e1 tenni a r\u00e9szt vev\u0151 int\u00e9zm\u00e9nyeket. A roadshow \u00e1llom\u00e1sai: Kecskem\u00e9t, Sz\u00e9kesfeh\u00e9rv\u00e1r, Miskolc, P\u00e9cs, Gy\u0151r \u00e9s Debrecen lesznek.<br \/>\nA szervez\u0151k emellett n\u00e9h\u00e1ny speci\u00e1lis programelemmel is k\u00e9sz\u00fclnek, mint p\u00e9ld\u00e1ul az \u201956-os M\u00fazeumt\u00fara, amely az 1956-os forradalom eml\u00e9k\u00e9v\u00e9hez \u00e9s a hozz\u00e1 k\u00f6t\u0151d\u0151 ki\u00e1ll\u00edt\u00e1sokhoz kapcsol\u00f3dik. A T\u00e1jak-Korok-M\u00fazeumok Egyes\u00fclet k\u00f6zrem\u0171k\u00f6d\u00e9s\u00e9vel megval\u00f3s\u00edtott t\u00fara pedig Debrecen \u00e9s V\u00e1c nevezetess\u00e9geit j\u00e1rja k\u00f6r\u00fcl. Doncsev Andr\u00e1s tov\u00e1bbi egy\u00fcttm\u0171k\u00f6d\u00e9sek szervez\u00e9s\u00e9r\u0151l is besz\u00e1molt, a lehets\u00e9ges partnerek k\u00f6z\u00f6tt van a Klebelsberg Int\u00e9zm\u00e9nyfenntart\u00f3 K\u00f6zpont is. A rem\u00e9nyek szerint a t\u00fara kapcs\u00e1n elsaj\u00e1t\u00edtott tapasztalatok a tananyagba is be\u00e9p\u00fclhetn\u00e9nek.<br \/>\nA program megval\u00f3s\u00edt\u00e1s\u00e1ban a N\u00e9prajzi M\u00fazeum partnere az \u00d6r\u00f6ks\u00e9g Kult\u00farpolitikai Int\u00e9zet Nonprofit Kft. A Mozaik M\u00fazeumt\u00fara t\u00e1mogat\u00f3i az Emberi Er\u0151forr\u00e1sok Miniszt\u00e9rium\u00e1nak Kult\u00far\u00e1\u00e9rt Felel\u0151s \u00c1llamtitk\u00e1rs\u00e1ga, a T\u00e1jak-Korok-M\u00fazeumok Egyes\u00fclet, a Klebelsberg Iskolafenntart\u00f3 K\u00f6zpont \u00e9s a Magyar Turisztikai \u00dcgyn\u00f6ks\u00e9g.<\/p>\n<p><a href=\"http:\/\/www.mozaikmuzeumtura.hu\/\"><img loading=\"lazy\" decoding=\"async\" class=\"alignnone size-medium wp-image-2924\" src=\"https:\/\/www.fintamuzeum.hu\/wp-content\/uploads\/2016\/09\/mozaikmuzeumtura_logo_-300x80.jpg\" alt=\"mozaikmuzeumtura_logo_\" width=\"300\" height=\"80\" srcset=\"https:\/\/www.fintamuzeum.hu\/wp-content\/uploads\/2016\/09\/mozaikmuzeumtura_logo_-300x80.jpg 300w, https:\/\/www.fintamuzeum.hu\/wp-content\/uploads\/2016\/09\/mozaikmuzeumtura_logo_-1024x273.jpg 1024w, https:\/\/www.fintamuzeum.hu\/wp-content\/uploads\/2016\/09\/mozaikmuzeumtura_logo_.jpg 1593w\" sizes=\"auto, (max-width: 300px) 100vw, 300px\" \/><\/a><\/p>\n","protected":false},"excerpt":{"rendered":"<p>\u0150sszel folytat\u00f3dik a Mozaik M\u00fazeumt\u00fara program, amelyhez id\u00e9n 100 \u00faj int\u00e9zm\u00e9ny csatlakozott, \u00e9s \u00edgy m\u00e1r k\u00f6zel 400 m\u00fazeum \u00e9s ki\u00e1ll\u00edt\u00f3hely vesz r\u00e9szt benne \u2013 jelentett\u00e9k be szeptember 5-\u00e9n a projekt megval\u00f3s\u00edt\u00e1s\u00e1t v\u00e1llal\u00f3 N\u00e9prajzi M\u00fazeumban. Dr. Kemecsi Lajos, a N\u00e9prajzi M\u00fazeum &hellip; <a href=\"https:\/\/www.fintamuzeum.hu\/?page_id=2917\">Egy kattint\u00e1s ide a folytat\u00e1shoz&#8230;. <span class=\"meta-nav\">&rarr;<\/span><\/a><\/p>\n","protected":false},"author":2,"featured_media":0,"parent":0,"menu_order":0,"comment_status":"closed","ping_status":"closed","template":"","meta":{"footnotes":""},"class_list":["post-2917","page","type-page","status-publish","hentry"],"_links":{"self":[{"href":"https:\/\/www.fintamuzeum.hu\/index.php?rest_route=\/wp\/v2\/pages\/2917","targetHints":{"allow":["GET"]}}],"collection":[{"href":"https:\/\/www.fintamuzeum.hu\/index.php?rest_route=\/wp\/v2\/pages"}],"about":[{"href":"https:\/\/www.fintamuzeum.hu\/index.php?rest_route=\/wp\/v2\/types\/page"}],"author":[{"embeddable":true,"href":"https:\/\/www.fintamuzeum.hu\/index.php?rest_route=\/wp\/v2\/users\/2"}],"replies":[{"embeddable":true,"href":"https:\/\/www.fintamuzeum.hu\/index.php?rest_route=%2Fwp%2Fv2%2Fcomments&post=2917"}],"version-history":[{"count":4,"href":"https:\/\/www.fintamuzeum.hu\/index.php?rest_route=\/wp\/v2\/pages\/2917\/revisions"}],"predecessor-version":[{"id":2930,"href":"https:\/\/www.fintamuzeum.hu\/index.php?rest_route=\/wp\/v2\/pages\/2917\/revisions\/2930"}],"wp:attachment":[{"href":"https:\/\/www.fintamuzeum.hu\/index.php?rest_route=%2Fwp%2Fv2%2Fmedia&parent=2917"}],"curies":[{"name":"wp","href":"https:\/\/api.w.org\/{rel}","templated":true}]}}

Folytatódik a Mozaik Múzeumtúra

<p><a href="https://www.fintamuzeum.hu/wp-content/uploads/2016/09/MakrancziZsolt-DoncsevAndrás-KemecsiLajos.jpg"><img loading="lazy" decoding="async" class="alignnone wp-image-2923" src="https://www.fintamuzeum.hu/wp-content/uploads/2016/09/MakrancziZsolt-DoncsevAndrás-KemecsiLajos-300x240.jpg" alt="MakrancziZsolt-DoncsevAndrás-KemecsiLajos" width="251" height="200" srcset="https://www.fintamuzeum.hu/wp-content/uploads/2016/09/MakrancziZsolt-DoncsevAndrás-KemecsiLajos-300x240.jpg 300w, https://www.fintamuzeum.hu/wp-content/uploads/2016/09/MakrancziZsolt-DoncsevAndrás-KemecsiLajos-1024x820.jpg 1024w, https://www.fintamuzeum.hu/wp-content/uploads/2016/09/MakrancziZsolt-DoncsevAndrás-KemecsiLajos.jpg 1200w" sizes="auto, (max-width: 251px) 100vw, 251px" /></a> <a href="https://www.fintamuzeum.hu/wp-content/uploads/2016/09/DoncsevAndrás-közönség.jpg"><img loading="lazy" decoding="async" class="alignnone size-medium wp-image-2921" src="https://www.fintamuzeum.hu/wp-content/uploads/2016/09/DoncsevAndrás-közönség-300x200.jpg" alt="DoncsevAndrás-közönség" width="300" height="200" srcset="https://www.fintamuzeum.hu/wp-content/uploads/2016/09/DoncsevAndrás-közönség-300x200.jpg 300w, https://www.fintamuzeum.hu/wp-content/uploads/2016/09/DoncsevAndrás-közönség-1024x683.jpg 1024w, https://www.fintamuzeum.hu/wp-content/uploads/2016/09/DoncsevAndrás-közönség-120x80.jpg 120w, https://www.fintamuzeum.hu/wp-content/uploads/2016/09/DoncsevAndrás-közönség.jpg 1200w" sizes="auto, (max-width: 300px) 100vw, 300px" /></a></p>
<p>Ősszel folytatódik a Mozaik Múzeumtúra program, amelyhez idén 100 új intézmény csatlakozott, és így már közel 400 múzeum és kiállítóhely vesz részt benne – jelentették be szeptember 5-én a projekt megvalósítását vállaló Néprajzi Múzeumban.</p>
<p><a href="https://www.fintamuzeum.hu/wp-content/uploads/2016/09/DrKemecsiLajos.jpg"><img loading="lazy" decoding="async" class="size-medium wp-image-2922 alignleft" src="https://www.fintamuzeum.hu/wp-content/uploads/2016/09/DrKemecsiLajos-300x200.jpg" alt="DrKemecsiLajos" width="300" height="200" srcset="https://www.fintamuzeum.hu/wp-content/uploads/2016/09/DrKemecsiLajos-300x200.jpg 300w, https://www.fintamuzeum.hu/wp-content/uploads/2016/09/DrKemecsiLajos-1024x683.jpg 1024w, https://www.fintamuzeum.hu/wp-content/uploads/2016/09/DrKemecsiLajos-120x80.jpg 120w, https://www.fintamuzeum.hu/wp-content/uploads/2016/09/DrKemecsiLajos.jpg 1200w" sizes="auto, (max-width: 300px) 100vw, 300px" /></a>Dr. Kemecsi Lajos, a Néprajzi Múzeum főigazgatója elmondta: a Mozaik Múzeumtúra alapvető célja a közgyűjtemények népszerűsítése és a múzeumok sokszínű kulturális kínálatának megismertetése, amelynek nemzeti identitásunk erősítésében is lényeges szerepe van. A rendezvény házigazdája arról is beszélt, hogy a program hitvallása szorosan összefog az UNESCO nemrégiben nyilvánosságra hozott, a világ múzeumainak funkcióit meghatározó állásfoglalásával, amelynek négy alapeleme: a megőrzés, a kutatás, a kommunikáció és az oktatás.<br />
<a href="https://www.fintamuzeum.hu/wp-content/uploads/2016/09/DoncsevAndrás.jpg"><img loading="lazy" decoding="async" class="size-medium wp-image-2920 alignright" src="https://www.fintamuzeum.hu/wp-content/uploads/2016/09/DoncsevAndrás-300x200.jpg" alt="DoncsevAndrás" width="300" height="200" srcset="https://www.fintamuzeum.hu/wp-content/uploads/2016/09/DoncsevAndrás-300x200.jpg 300w, https://www.fintamuzeum.hu/wp-content/uploads/2016/09/DoncsevAndrás-1024x683.jpg 1024w, https://www.fintamuzeum.hu/wp-content/uploads/2016/09/DoncsevAndrás-120x80.jpg 120w, https://www.fintamuzeum.hu/wp-content/uploads/2016/09/DoncsevAndrás.jpg 1200w" sizes="auto, (max-width: 300px) 100vw, 300px" /></a>A program elsődleges célcsoportja a 8–16 év közötti fiatal korosztály, de bíznak benne, hogy a felnőtt lakosságot is sikerül megszólítaniuk – tájékoztatta a múzeumok, illetve a sajtó képviselőit Doncsev András, a Nemzeti Kulturális Alap alelnöke. Mint kifejtette: fontos, hogy a gyermekek ne kötelező programként, hanem élményként tekintsenek a múzeumlátogatásra.<br />
A 2014-ben lezajlott program leghangsúlyosabb eleme, a matricagyűjtő játék jelentősen átalakulva, ezúttal határidő nélkül, egyszerűbb szabályokkal és online felületen folytatódik. A játékosok a megállító táblán található QR-kód segítségével tölthetik le okostelefonjukra a játékhoz szükséges alkalmazást.<br />
A Mozaik Múzeumtúra hat állomásos országjárásra indul ősszel. A roadshow keretében múzeumpedagógiai foglalkozásokkal, koncertekkel, exkluzív tárlatvezetéssel és különleges, vagy máskor nem látogatható helyszínek bemutatásával igyekeznek vonzóvá tenni a részt vevő intézményeket. A roadshow állomásai: Kecskemét, Székesfehérvár, Miskolc, Pécs, Győr és Debrecen lesznek.<br />
A szervezők emellett néhány speciális programelemmel is készülnek, mint például az ’56-os Múzeumtúra, amely az 1956-os forradalom emlékévéhez és a hozzá kötődő kiállításokhoz kapcsolódik. A Tájak-Korok-Múzeumok Egyesület közreműködésével megvalósított túra pedig Debrecen és Vác nevezetességeit járja körül. Doncsev András további együttműködések szervezéséről is beszámolt, a lehetséges partnerek között van a Klebelsberg Intézményfenntartó Központ is. A remények szerint a túra kapcsán elsajátított tapasztalatok a tananyagba is beépülhetnének.<br />
A program megvalósításában a Néprajzi Múzeum partnere az Örökség Kultúrpolitikai Intézet Nonprofit Kft. A Mozaik Múzeumtúra támogatói az Emberi Erőforrások Minisztériumának Kultúráért Felelős Államtitkársága, a Tájak-Korok-Múzeumok Egyesület, a Klebelsberg Iskolafenntartó Központ és a Magyar Turisztikai Ügynökség.</p>
<p><a href="http://www.mozaikmuzeumtura.hu/"><img loading="lazy" decoding="async" class="alignnone size-medium wp-image-2924" src="https://www.fintamuzeum.hu/wp-content/uploads/2016/09/mozaikmuzeumtura_logo_-300x80.jpg" alt="mozaikmuzeumtura_logo_" width="300" height="80" srcset="https://www.fintamuzeum.hu/wp-content/uploads/2016/09/mozaikmuzeumtura_logo_-300x80.jpg 300w, https://www.fintamuzeum.hu/wp-content/uploads/2016/09/mozaikmuzeumtura_logo_-1024x273.jpg 1024w, https://www.fintamuzeum.hu/wp-content/uploads/2016/09/mozaikmuzeumtura_logo_.jpg 1593w" sizes="auto, (max-width: 300px) 100vw, 300px" /></a></p>

<p>Ősszel folytatódik a Mozaik Múzeumtúra program, amelyhez idén 100 új intézmény csatlakozott, és így már közel 400 múzeum és kiállítóhely vesz részt benne – jelentették be szeptember 5-én a projekt megvalósítását vállaló Néprajzi Múzeumban. Dr. Kemecsi Lajos, a Néprajzi Múzeum &hellip; <a href="https://www.fintamuzeum.hu/?page_id=2917">Egy kattintás ide a folytatáshoz&#8230;. <span class="meta-nav">&rarr;</span></a></p>
