{"id":2753,"date":"2016-05-13T08:28:53","date_gmt":"2016-05-13T06:28:53","guid":{"rendered":"http:\/\/www.fintamuzeum.hu\/?page_id=2753"},"modified":"2020-09-14T15:23:11","modified_gmt":"2020-09-14T13:23:11","slug":"arnykepes-abc","status":"publish","type":"page","link":"https:\/\/www.fintamuzeum.hu\/?page_id=2753","title":{"rendered":"\u00c1rnyk\u00e9pes ABC"},"content":{"rendered":"<p>Finta S\u00e1muel alkot\u00e1sai \u00e9s \u00e9lett\u00f6rt\u00e9nete bizony\u00edtj\u00e1k, hogy t\u00f6bb volt a vil\u00e1gh\u00edr\u0171 szobr\u00e1sztestv\u00e9rei (<a href=\"https:\/\/www.fintamuzeum.hu\/?page_id=724\">Finta S\u00e1ndor<\/a> \u00e9s <a href=\"https:\/\/www.fintamuzeum.hu\/?page_id=725\">Finta Gergely<\/a>)\u00e1rny\u00e9k\u00e1ban \u00e9l\u0151 elfeledett szobr\u00e1szn\u00e1l. Sz\u00e1mos alkalommal m\u0171v\u00e9szileg eg\u00e9sz\u00edtette ki azok munk\u00e1j\u00e1t \u00e9s sz\u00fcks\u00e9g szerint megteremtette sz\u00e1mukra az anyagi felt\u00e9teleket. Sokoldal\u00fa m\u0171v\u00e9szk\u00e9nt a szobr\u00e1szat, k\u0151farag\u00e1s mellett a grafika \u00e9s az \u00e1rnyk\u00e9p v\u00e1g\u00e1s mester\u00e9v\u00e9 is v\u00e1lt. Ut\u00f3bbi szinte a teljes \u00e9letm\u0171v\u00e9t v\u00e9gigk\u00eds\u00e9ri. A ma renesz\u00e1nsz\u00e1t \u00e9l\u0151 technika a XX. sz\u00e1zad els\u0151 fel\u00e9ben k\u00fcl\u00f6n\u00f6sen n\u00e9pszer\u0171 volt. Eredete eg\u00e9szen a XVIII. sz\u00e1zadig vezethet\u0151 vissza, de m\u00e9g a f\u00e9nyk\u00e9pez\u00e9s megjelen\u00e9se ut\u00e1n is kedvelt elj\u00e1r\u00e1s maradt az arcvon\u00e1sok meg\u0151rz\u00e9s\u00e9re. M\u00e1s technik\u00e1kt\u00f3l elt\u00e9r\u0151en itt nincsenek \u00e1rnyalatok, a m\u0171veket csup\u00e1n k\u00e9t sz\u00edn a fekete \u00e9s a feh\u00e9r, valamint a form\u00e1k vil\u00e1ga hat\u00e1rozza meg.<br \/>\nA jelent\u0151sebb kir\u00e1ndul\u00f3 \u00e9s f\u00fcrd\u0151helyek sok\u00e1ig j\u00f3 meg\u00e9lhet\u00e9st biztos\u00edtottak a sziluett v\u00e1g\u00f3knak, akik n\u00e9h\u00e1ny perc alatt k\u00e9sz\u00edtett\u00e9k el a megrendel\u0151 \u00e1rnyk\u00e9p\u00e9t. Finta S\u00e1muel feles\u00e9g\u00e9vel sz\u00e1mos ilyen helyen fordult meg, hogy anyagilag biztos\u00edthassa meg\u00e9lhet\u00e9s\u00e9t \u00e9s tov\u00e1bbi \u00fatjait. A m\u00fazeum birtok\u00e1ban l\u00e9v\u0151 sziluettek mind arr\u00f3l tan\u00faskodnak, hogy m\u0171v\u00e9szi ig\u00e9nyess\u00e9ggel k\u00e9sz\u00edtette el a kor nagyjainak, \u00e9s k\u00f6zeli ismer\u0151seinek arcm\u00e1sait. Hasonl\u00f3 munk\u00e1i k\u00f6z\u00fcl is kiemelkedik az \u201e\u00c1rnyk\u00e9pes ABC\u201d, melyet jelen pillanatban is a kez\u00e9ben tart a Tisztelt Olvas\u00f3! Az eredeti m\u0171 1922. december 1-\u00e9n jelent meg R\u00f3na B\u00e9la verseivel, Palugyai Antal rendel\u00e9s\u00e9re a R\u00f3zsav\u00f6lgyi \u00e9s t\u00e1rsa c\u00e9g adta ki. Nyomtat\u00e1s\u00e1ra a Korvin testv\u00e9rek nyomd\u00e1j\u00e1ban ker\u00fclt sor. \u00dajb\u00f3li kiad\u00e1sa t\u00f6bb mint kilencven \u00e9v ut\u00e1n jelent meg a Finta M\u00fazeum gondoz\u00e1s\u00e1ban. \u201e\u00c1rnyk\u00e9pes ABC\u201d ez\u00fattal nem csak az eredeti kiadv\u00e1ny ut\u00e1nnyom\u00e1sa, hanem kieg\u00e9sz\u00fcl Finta S\u00e1muel a Budapesti \u00c1llatkertben k\u00e9sz\u00edtett oll\u00f3kiv\u00e1g\u00e1saival, \u00e9s leg\u00e9rdekesebb sziluett portr\u00e9ival P\u00e1rizst\u00f3l T\u00farkev\u00e9ig.<br \/>\n<a href=\"https:\/\/www.fintamuzeum.hu\/wp-content\/uploads\/2015\/06\/FSArnykepeselsoborito.jpg\"><img loading=\"lazy\" decoding=\"async\" class=\"alignnone size-medium wp-image-2050\" src=\"https:\/\/www.fintamuzeum.hu\/wp-content\/uploads\/2015\/06\/FSArnykepeselsoborito-223x300.jpg\" alt=\"FSArnykepeselsoborito\" width=\"223\" height=\"300\" srcset=\"https:\/\/www.fintamuzeum.hu\/wp-content\/uploads\/2015\/06\/FSArnykepeselsoborito-223x300.jpg 223w, https:\/\/www.fintamuzeum.hu\/wp-content\/uploads\/2015\/06\/FSArnykepeselsoborito.jpg 670w\" sizes=\"auto, (max-width: 223px) 100vw, 223px\" \/><\/a> <a href=\"https:\/\/www.fintamuzeum.hu\/wp-content\/uploads\/2015\/06\/FSArnykepeshatsoborito.jpg\"><img loading=\"lazy\" decoding=\"async\" class=\"alignnone size-medium wp-image-2049\" src=\"https:\/\/www.fintamuzeum.hu\/wp-content\/uploads\/2015\/06\/FSArnykepeshatsoborito-217x300.jpg\" alt=\"FSArnykepeshatsoborito\" width=\"217\" height=\"300\" srcset=\"https:\/\/www.fintamuzeum.hu\/wp-content\/uploads\/2015\/06\/FSArnykepeshatsoborito-217x300.jpg 217w, https:\/\/www.fintamuzeum.hu\/wp-content\/uploads\/2015\/06\/FSArnykepeshatsoborito.jpg 652w\" sizes=\"auto, (max-width: 217px) 100vw, 217px\" \/><\/a><\/p>\n<p>A kiadv\u00e1ny \u00e1ra: 1000 HUF<\/p>\n","protected":false},"excerpt":{"rendered":"<p>Finta S\u00e1muel alkot\u00e1sai \u00e9s \u00e9lett\u00f6rt\u00e9nete bizony\u00edtj\u00e1k, hogy t\u00f6bb volt a vil\u00e1gh\u00edr\u0171 szobr\u00e1sztestv\u00e9rei (Finta S\u00e1ndor \u00e9s Finta Gergely)\u00e1rny\u00e9k\u00e1ban \u00e9l\u0151 elfeledett szobr\u00e1szn\u00e1l. Sz\u00e1mos alkalommal m\u0171v\u00e9szileg eg\u00e9sz\u00edtette ki azok munk\u00e1j\u00e1t \u00e9s sz\u00fcks\u00e9g szerint megteremtette sz\u00e1mukra az anyagi felt\u00e9teleket. Sokoldal\u00fa m\u0171v\u00e9szk\u00e9nt a szobr\u00e1szat, k\u0151farag\u00e1s &hellip; <a href=\"https:\/\/www.fintamuzeum.hu\/?page_id=2753\">Egy kattint\u00e1s ide a folytat\u00e1shoz&#8230;. <span class=\"meta-nav\">&rarr;<\/span><\/a><\/p>\n","protected":false},"author":2,"featured_media":0,"parent":11,"menu_order":0,"comment_status":"closed","ping_status":"closed","template":"","meta":{"footnotes":""},"class_list":["post-2753","page","type-page","status-publish","hentry"],"_links":{"self":[{"href":"https:\/\/www.fintamuzeum.hu\/index.php?rest_route=\/wp\/v2\/pages\/2753","targetHints":{"allow":["GET"]}}],"collection":[{"href":"https:\/\/www.fintamuzeum.hu\/index.php?rest_route=\/wp\/v2\/pages"}],"about":[{"href":"https:\/\/www.fintamuzeum.hu\/index.php?rest_route=\/wp\/v2\/types\/page"}],"author":[{"embeddable":true,"href":"https:\/\/www.fintamuzeum.hu\/index.php?rest_route=\/wp\/v2\/users\/2"}],"replies":[{"embeddable":true,"href":"https:\/\/www.fintamuzeum.hu\/index.php?rest_route=%2Fwp%2Fv2%2Fcomments&post=2753"}],"version-history":[{"count":1,"href":"https:\/\/www.fintamuzeum.hu\/index.php?rest_route=\/wp\/v2\/pages\/2753\/revisions"}],"predecessor-version":[{"id":2754,"href":"https:\/\/www.fintamuzeum.hu\/index.php?rest_route=\/wp\/v2\/pages\/2753\/revisions\/2754"}],"up":[{"embeddable":true,"href":"https:\/\/www.fintamuzeum.hu\/index.php?rest_route=\/wp\/v2\/pages\/11"}],"wp:attachment":[{"href":"https:\/\/www.fintamuzeum.hu\/index.php?rest_route=%2Fwp%2Fv2%2Fmedia&parent=2753"}],"curies":[{"name":"wp","href":"https:\/\/api.w.org\/{rel}","templated":true}]}}

Árnyképes ABC

<p>Finta Sámuel alkotásai és élettörténete bizonyítják, hogy több volt a világhírű szobrásztestvérei (<a href="https://www.fintamuzeum.hu/?page_id=724">Finta Sándor</a> és <a href="https://www.fintamuzeum.hu/?page_id=725">Finta Gergely</a>)árnyékában élő elfeledett szobrásznál. Számos alkalommal művészileg egészítette ki azok munkáját és szükség szerint megteremtette számukra az anyagi feltételeket. Sokoldalú művészként a szobrászat, kőfaragás mellett a grafika és az árnykép vágás mesterévé is vált. Utóbbi szinte a teljes életművét végigkíséri. A ma reneszánszát élő technika a XX. század első felében különösen népszerű volt. Eredete egészen a XVIII. századig vezethető vissza, de még a fényképezés megjelenése után is kedvelt eljárás maradt az arcvonások megőrzésére. Más technikáktól eltérően itt nincsenek árnyalatok, a műveket csupán két szín a fekete és a fehér, valamint a formák világa határozza meg.<br />
A jelentősebb kiránduló és fürdőhelyek sokáig jó megélhetést biztosítottak a sziluett vágóknak, akik néhány perc alatt készítették el a megrendelő árnyképét. Finta Sámuel feleségével számos ilyen helyen fordult meg, hogy anyagilag biztosíthassa megélhetését és további útjait. A múzeum birtokában lévő sziluettek mind arról tanúskodnak, hogy művészi igényességgel készítette el a kor nagyjainak, és közeli ismerőseinek arcmásait. Hasonló munkái közül is kiemelkedik az „Árnyképes ABC”, melyet jelen pillanatban is a kezében tart a Tisztelt Olvasó! Az eredeti mű 1922. december 1-én jelent meg Róna Béla verseivel, Palugyai Antal rendelésére a Rózsavölgyi és társa cég adta ki. Nyomtatására a Korvin testvérek nyomdájában került sor. Újbóli kiadása több mint kilencven év után jelent meg a Finta Múzeum gondozásában. „Árnyképes ABC” ezúttal nem csak az eredeti kiadvány utánnyomása, hanem kiegészül Finta Sámuel a Budapesti Állatkertben készített ollókivágásaival, és legérdekesebb sziluett portréival Párizstól Túrkevéig.<br />
<a href="https://www.fintamuzeum.hu/wp-content/uploads/2015/06/FSArnykepeselsoborito.jpg"><img loading="lazy" decoding="async" class="alignnone size-medium wp-image-2050" src="https://www.fintamuzeum.hu/wp-content/uploads/2015/06/FSArnykepeselsoborito-223x300.jpg" alt="FSArnykepeselsoborito" width="223" height="300" srcset="https://www.fintamuzeum.hu/wp-content/uploads/2015/06/FSArnykepeselsoborito-223x300.jpg 223w, https://www.fintamuzeum.hu/wp-content/uploads/2015/06/FSArnykepeselsoborito.jpg 670w" sizes="auto, (max-width: 223px) 100vw, 223px" /></a> <a href="https://www.fintamuzeum.hu/wp-content/uploads/2015/06/FSArnykepeshatsoborito.jpg"><img loading="lazy" decoding="async" class="alignnone size-medium wp-image-2049" src="https://www.fintamuzeum.hu/wp-content/uploads/2015/06/FSArnykepeshatsoborito-217x300.jpg" alt="FSArnykepeshatsoborito" width="217" height="300" srcset="https://www.fintamuzeum.hu/wp-content/uploads/2015/06/FSArnykepeshatsoborito-217x300.jpg 217w, https://www.fintamuzeum.hu/wp-content/uploads/2015/06/FSArnykepeshatsoborito.jpg 652w" sizes="auto, (max-width: 217px) 100vw, 217px" /></a></p>
<p>A kiadvány ára: 1000 HUF</p>

<p>Finta Sámuel alkotásai és élettörténete bizonyítják, hogy több volt a világhírű szobrásztestvérei (Finta Sándor és Finta Gergely)árnyékában élő elfeledett szobrásznál. Számos alkalommal művészileg egészítette ki azok munkáját és szükség szerint megteremtette számukra az anyagi feltételeket. Sokoldalú művészként a szobrászat, kőfaragás &hellip; <a href="https://www.fintamuzeum.hu/?page_id=2753">Egy kattintás ide a folytatáshoz&#8230;. <span class="meta-nav">&rarr;</span></a></p>
