{"id":14,"date":"2013-01-22T09:32:52","date_gmt":"2013-01-22T08:32:52","guid":{"rendered":"http:\/\/fintamuseum.no-ip.org\/fintamuzeumwp\/?page_id=14"},"modified":"2025-12-01T16:17:31","modified_gmt":"2025-12-01T15:17:31","slug":"nyitvatartas","status":"publish","type":"page","link":"https:\/\/www.fintamuzeum.hu\/?page_id=14","title":{"rendered":"Nyitvatart\u00e1s"},"content":{"rendered":"<p><strong>Finta M\u00fazeum:<\/strong><br \/>\nh\u00e9tf\u0151: Z\u00e1rva<br \/>\nkedd-cs\u00fct\u00f6rt\u00f6k: 9-12; 13-18<br \/>\np\u00e9ntek: 9-12; 13-18<br \/>\nszombat: 9-12 (\u00fcgyelet a Vad\u00e1sz P\u00e1l Ki\u00e1ll\u00edt\u00f3teremben); 14-17<\/p>\n<p><strong>Vad\u00e1sz P\u00e1l Ki\u00e1ll\u00edt\u00f3terem:<\/strong><br \/>\nh\u00e9tf\u0151: z\u00e1rva<br \/>\nkedd-p\u00e9ntek: 9-12; 13-18<br \/>\nkedd-p\u00e9ntek: \u00fcgyelet a Finta M\u00fazeumban, a Vad\u00e1sz P\u00e1l Ki\u00e1ll\u00edt\u00f3terem id\u0151szaki ki\u00e1ll\u00edt\u00e1sai csak telefonos bejelentkez\u00e9s ut\u00e1n l\u00e1togathat\u00f3k! (56-361-183; 0620-445-0429)<br \/>\nszombat: 9-12; 14-17 (\u00fcgyelet a Finta M\u00fazeumban)<\/p>\n<p>Vas\u00e1rnap csak el\u0151zetes bejelentkez\u00e9s ut\u00e1n l\u00e1togathat\u00f3ak ki\u00e1ll\u00edt\u00e1saink. K\u00e9rj\u00fck l\u00e1togat\u00e1si sz\u00e1nd\u00e9k\u00e1t legk\u00e9s\u0151bb cs\u00fct\u00f6rt\u00f6k 17 \u00f3r\u00e1ig jelezze <a href=\"http:\/\/fintamuseum.no-ip.org\/fintamuzeumwp\/?page_id=15\">el\u00e9rhet\u0151s\u00e9geinken<\/a>.<\/p>\n<p><strong>K\u00f6nyvt\u00e1ri nyitva tart\u00e1s:<\/strong><br \/>\nh\u00e9tf\u0151-p\u00e9ntek: 9-16<br \/>\nA k\u00f6nyvek kiz\u00e1r\u00f3lag olvas\u00f3termi haszn\u00e1latra hozz\u00e1f\u00e9rhet\u0151k.<br \/>\nF\u00e9nym\u00e1sol\u00e1s: minden megkezdett 10 oldal 150 HUF.<\/p>\n<p>Az al\u00e1bbi napokon a m\u00fazeum \u00e9s a ki\u00e1ll\u00edt\u00f3terem<strong> eg\u00e9sz napos nyitva<\/strong> tart\u00e1ssal \u00e9s <strong>ingyenes bel\u00e9p\u00e9ssel<\/strong> v\u00e1rja a kedves l\u00e1togat\u00f3kat (\u00fcgyelet a Finta M\u00fazeumban):<\/p>\n<ul>\n<li>Nemzeti \u00fcnnepeinken (m\u00e1rcius 15, augusztus 20, okt\u00f3ber 23.)<\/li>\n<li>M\u00e1jus 1.<\/li>\n<li>a Magyar Kultur\u00e1lis \u00d6r\u00f6ks\u00e9g Napj\u00e1n<\/li>\n<li>a Magyar Kult\u00fara Napj\u00e1n<\/li>\n<\/ul>\n<p>A k\u00f6vetkez\u0151 napokon a m\u00fazeum \u00e9s a ki\u00e1ll\u00edt\u00f3terem <strong>z\u00e1rva<\/strong> tart:<\/p>\n<ul>\n<li>Nagyp\u00e9ntek<\/li>\n<li>H\u00fasv\u00e9t (vas\u00e1rnap-h\u00e9tf\u0151)<\/li>\n<li>P\u00fcnk\u00f6sd<\/li>\n<li>Mindenszentek<\/li>\n<li>Kar\u00e1csony (december 25-26)<\/li>\n<li>Janu\u00e1r 1.<\/li>\n<\/ul>\n<p>Ingyenes a bel\u00e9p\u00e9s minden h\u00f3nap m\u00e1sodik h\u00e9tv\u00e9g\u00e9j\u00e9n a 26 \u00e9vn\u00e9l fiatalabb, vagy 18 \u00e9vesn\u00e9l fiatalabb l\u00e1togat\u00f3 \u00e9s k\u00eds\u00e9r\u0151je (maximum k\u00e9t f\u0151) sz\u00e1m\u00e1ra.<\/p>\n<p>Tov\u00e1bbi inform\u00e1ci\u00f3 a muze\u00e1lis int\u00e9zm\u00e9nyek l\u00e1togat\u00f3it megillet\u0151 kedvezm\u00e9nyekr\u0151l <a href=\"http:\/\/net.jogtar.hu\/jr\/gen\/hjegy_doc.cgi?docid=A0000194.kor\">itt<\/a> olvashat\u00f3<\/p>\n","protected":false},"excerpt":{"rendered":"<p>Finta M\u00fazeum: h\u00e9tf\u0151: Z\u00e1rva kedd-cs\u00fct\u00f6rt\u00f6k: 9-12; 13-18 p\u00e9ntek: 9-12; 13-18 szombat: 9-12 (\u00fcgyelet a Vad\u00e1sz P\u00e1l Ki\u00e1ll\u00edt\u00f3teremben); 14-17 Vad\u00e1sz P\u00e1l Ki\u00e1ll\u00edt\u00f3terem: h\u00e9tf\u0151: z\u00e1rva kedd-p\u00e9ntek: 9-12; 13-18 kedd-p\u00e9ntek: \u00fcgyelet a Finta M\u00fazeumban, a Vad\u00e1sz P\u00e1l Ki\u00e1ll\u00edt\u00f3terem id\u0151szaki ki\u00e1ll\u00edt\u00e1sai csak telefonos bejelentkez\u00e9s &hellip; <a href=\"https:\/\/www.fintamuzeum.hu\/?page_id=14\">Egy kattint\u00e1s ide a folytat\u00e1shoz&#8230;. <span class=\"meta-nav\">&rarr;<\/span><\/a><\/p>\n","protected":false},"author":1,"featured_media":0,"parent":4328,"menu_order":0,"comment_status":"closed","ping_status":"closed","template":"","meta":{"footnotes":""},"class_list":["post-14","page","type-page","status-publish","hentry"],"_links":{"self":[{"href":"https:\/\/www.fintamuzeum.hu\/index.php?rest_route=\/wp\/v2\/pages\/14","targetHints":{"allow":["GET"]}}],"collection":[{"href":"https:\/\/www.fintamuzeum.hu\/index.php?rest_route=\/wp\/v2\/pages"}],"about":[{"href":"https:\/\/www.fintamuzeum.hu\/index.php?rest_route=\/wp\/v2\/types\/page"}],"author":[{"embeddable":true,"href":"https:\/\/www.fintamuzeum.hu\/index.php?rest_route=\/wp\/v2\/users\/1"}],"replies":[{"embeddable":true,"href":"https:\/\/www.fintamuzeum.hu\/index.php?rest_route=%2Fwp%2Fv2%2Fcomments&post=14"}],"version-history":[{"count":42,"href":"https:\/\/www.fintamuzeum.hu\/index.php?rest_route=\/wp\/v2\/pages\/14\/revisions"}],"predecessor-version":[{"id":5805,"href":"https:\/\/www.fintamuzeum.hu\/index.php?rest_route=\/wp\/v2\/pages\/14\/revisions\/5805"}],"up":[{"embeddable":true,"href":"https:\/\/www.fintamuzeum.hu\/index.php?rest_route=\/wp\/v2\/pages\/4328"}],"wp:attachment":[{"href":"https:\/\/www.fintamuzeum.hu\/index.php?rest_route=%2Fwp%2Fv2%2Fmedia&parent=14"}],"curies":[{"name":"wp","href":"https:\/\/api.w.org\/{rel}","templated":true}]}}

Nyitvatartás

<p><strong>Finta Múzeum:</strong><br />
hétfő: Zárva<br />
kedd-csütörtök: 9-12; 13-18<br />
péntek: 9-12; 13-18<br />
szombat: 9-12 (ügyelet a Vadász Pál Kiállítóteremben); 14-17</p>
<p><strong>Vadász Pál Kiállítóterem:</strong><br />
hétfő: zárva<br />
kedd-péntek: 9-12; 13-18<br />
kedd-péntek: ügyelet a Finta Múzeumban, a Vadász Pál Kiállítóterem időszaki kiállításai csak telefonos bejelentkezés után látogathatók! (56-361-183; 0620-445-0429)<br />
szombat: 9-12; 14-17 (ügyelet a Finta Múzeumban)</p>
<p>Vasárnap csak előzetes bejelentkezés után látogathatóak kiállításaink. Kérjük látogatási szándékát legkésőbb csütörtök 17 óráig jelezze <a href="http://fintamuseum.no-ip.org/fintamuzeumwp/?page_id=15">elérhetőségeinken</a>.</p>
<p><strong>Könyvtári nyitva tartás:</strong><br />
hétfő-péntek: 9-16<br />
A könyvek kizárólag olvasótermi használatra hozzáférhetők.<br />
Fénymásolás: minden megkezdett 10 oldal 150 HUF.</p>
<p>Az alábbi napokon a múzeum és a kiállítóterem<strong> egész napos nyitva</strong> tartással és <strong>ingyenes belépéssel</strong> várja a kedves látogatókat (ügyelet a Finta Múzeumban):</p>
<ul>
<li>Nemzeti ünnepeinken (március 15, augusztus 20, október 23.)</li>
<li>Május 1.</li>
<li>a Magyar Kulturális Örökség Napján</li>
<li>a Magyar Kultúra Napján</li>
</ul>
<p>A következő napokon a múzeum és a kiállítóterem <strong>zárva</strong> tart:</p>
<ul>
<li>Nagypéntek</li>
<li>Húsvét (vasárnap-hétfő)</li>
<li>Pünkösd</li>
<li>Mindenszentek</li>
<li>Karácsony (december 25-26)</li>
<li>Január 1.</li>
</ul>
<p>Ingyenes a belépés minden hónap második hétvégéjén a 26 évnél fiatalabb, vagy 18 évesnél fiatalabb látogató és kísérője (maximum két fő) számára.</p>
<p>További információ a muzeális intézmények látogatóit megillető kedvezményekről <a href="http://net.jogtar.hu/jr/gen/hjegy_doc.cgi?docid=A0000194.kor">itt</a> olvasható</p>

<p>Finta Múzeum: hétfő: Zárva kedd-csütörtök: 9-12; 13-18 péntek: 9-12; 13-18 szombat: 9-12 (ügyelet a Vadász Pál Kiállítóteremben); 14-17 Vadász Pál Kiállítóterem: hétfő: zárva kedd-péntek: 9-12; 13-18 kedd-péntek: ügyelet a Finta Múzeumban, a Vadász Pál Kiállítóterem időszaki kiállításai csak telefonos bejelentkezés &hellip; <a href="https://www.fintamuzeum.hu/?page_id=14">Egy kattintás ide a folytatáshoz&#8230;. <span class="meta-nav">&rarr;</span></a></p>
